{"id":59,"date":"2021-11-15T15:00:25","date_gmt":"2021-11-15T15:00:25","guid":{"rendered":"http:\/\/lesmotifs.blogcinemacentansdejeunesse.org\/blog\/?page_id=59"},"modified":"2022-06-17T08:47:41","modified_gmt":"2022-06-17T08:47:41","slug":"accueil","status":"publish","type":"page","link":"http:\/\/lesmotifs.blogcinemacentansdejeunesse.org\/blog\/","title":{"rendered":"Accueil"},"content":{"rendered":"\n<p>Les Rencontres \u00ab\u00a0A nous le cin\u00e9ma !\u00a0\u00bb se sont d\u00e9roul\u00e9es au Cin\u00e9 104 les 1er, 2 et 3 juin 2022.<br>36 films sur la question du motif ont \u00e9t\u00e9 projet\u00e9s, accompagn\u00e9s par leurs auteurs venus de 8 r\u00e9gions en France et de 12 autres pays. En compagnie des parrains Mathieu Amalric, Ignacio Ag\u00fcero, Arnaud Larrieu, et de la marraine Marilyne Canto.<\/p>\n\n\n\n<p>Pour visionner les films r\u00e9alis\u00e9s dans les ateliers, <a href=\"http:\/\/lesmotifs.blogcinemacentansdejeunesse.org\/blog\/films-essai\/\">cliquez ici<\/a>.<\/p>\n\n\n\n<p>Bonnes vacances \u00e0 tous et \u00e0 toutes !<\/p>\n\n\n\n<div class=\"wp-block-image\"><figure class=\"aligncenter size-full is-resized\"><img loading=\"lazy\" src=\"http:\/\/lesmotifs.blogcinemacentansdejeunesse.org\/blog\/wp-content\/uploads\/2022\/06\/Affiche.jpg\" alt=\"\" class=\"wp-image-3037\" width=\"459\" height=\"648\" srcset=\"http:\/\/lesmotifs.blogcinemacentansdejeunesse.org\/blog\/wp-content\/uploads\/2022\/06\/Affiche.jpg 1654w, http:\/\/lesmotifs.blogcinemacentansdejeunesse.org\/blog\/wp-content\/uploads\/2022\/06\/Affiche-212x300.jpg 212w, http:\/\/lesmotifs.blogcinemacentansdejeunesse.org\/blog\/wp-content\/uploads\/2022\/06\/Affiche-724x1024.jpg 724w, http:\/\/lesmotifs.blogcinemacentansdejeunesse.org\/blog\/wp-content\/uploads\/2022\/06\/Affiche-768x1086.jpg 768w, http:\/\/lesmotifs.blogcinemacentansdejeunesse.org\/blog\/wp-content\/uploads\/2022\/06\/Affiche-1086x1536.jpg 1086w, http:\/\/lesmotifs.blogcinemacentansdejeunesse.org\/blog\/wp-content\/uploads\/2022\/06\/Affiche-1448x2048.jpg 1448w\" sizes=\"(max-width: 459px) 100vw, 459px\" \/><\/figure><\/div>\n\n\n\n<hr class=\"wp-block-separator is-style-wide\"\/>\n\n\n\n<p class=\"has-text-align-center\"><\/p>\n\n\n\n<figure class=\"wp-block-embed is-type-video is-provider-vimeo wp-block-embed-vimeo\"><div class=\"wp-block-embed__wrapper\">\n<iframe loading=\"lazy\" title=\"LES MOTIFS - Bande-annonce\" src=\"https:\/\/player.vimeo.com\/video\/721010616?h=a894efe04b&amp;dnt=1&amp;app_id=122963\" width=\"640\" height=\"360\" frameborder=\"0\" allow=\"autoplay; fullscreen; picture-in-picture\" allowfullscreen><\/iframe>\n<\/div><figcaption>Bande-annonce de la rencontre internationale \u00c0 nous le cin\u00e9ma !<\/figcaption><\/figure>\n\n\n\n<hr class=\"wp-block-separator is-style-wide\"\/>\n\n\n\n<h2>Bilans d&rsquo;\u00e9tape CCAJ<\/h2>\n\n\n\n<p>Les 5 journ\u00e9es de bilan d&rsquo;\u00e9tape se sont bien d\u00e9roul\u00e9es, ce mois de mars, \u00e0 Martigues, Pantin et Berlin.<br>Nous vous proposons de d\u00e9couvrir une s\u00e9lection d&rsquo;exercices qui ont \u00e9t\u00e9 pr\u00e9sent\u00e9s lors de ces journ\u00e9es : elles donnent une id\u00e9e de toutes les pistes que vous avez imagin\u00e9es dans vos exercices, pour filmer des motifs de cin\u00e9ma. <a href=\"http:\/\/lesmotifs.blogcinemacentansdejeunesse.org\/blog\/exercices\/\">Soyez curieux de ce qu&rsquo;ont fait les autres !<\/a><\/p>\n\n\n\n<div class=\"wp-block-image\"><figure class=\"aligncenter size-full is-resized\"><img loading=\"lazy\" src=\"http:\/\/lesmotifs.blogcinemacentansdejeunesse.org\/blog\/wp-content\/uploads\/2022\/04\/montaje-4-bilans-ccaj.png\" alt=\"\" class=\"wp-image-2134\" width=\"668\" height=\"373\" srcset=\"http:\/\/lesmotifs.blogcinemacentansdejeunesse.org\/blog\/wp-content\/uploads\/2022\/04\/montaje-4-bilans-ccaj.png 3022w, http:\/\/lesmotifs.blogcinemacentansdejeunesse.org\/blog\/wp-content\/uploads\/2022\/04\/montaje-4-bilans-ccaj-300x167.png 300w, http:\/\/lesmotifs.blogcinemacentansdejeunesse.org\/blog\/wp-content\/uploads\/2022\/04\/montaje-4-bilans-ccaj-1024x572.png 1024w, http:\/\/lesmotifs.blogcinemacentansdejeunesse.org\/blog\/wp-content\/uploads\/2022\/04\/montaje-4-bilans-ccaj-768x429.png 768w, http:\/\/lesmotifs.blogcinemacentansdejeunesse.org\/blog\/wp-content\/uploads\/2022\/04\/montaje-4-bilans-ccaj-1536x857.png 1536w, http:\/\/lesmotifs.blogcinemacentansdejeunesse.org\/blog\/wp-content\/uploads\/2022\/04\/montaje-4-bilans-ccaj-2048x1143.png 2048w\" sizes=\"(max-width: 668px) 100vw, 668px\" \/><\/figure><\/div>\n\n\n\n<p><\/p>\n\n\n\n<hr class=\"wp-block-separator is-style-wide\"\/>\n\n\n\n<p><\/p>\n\n\n\n<h2 class=\"has-medium-font-size\">Projection de films au Cin\u00e9 104 \u00e0 Pantin pour les ateliers CCAJ d\u2019Ile de France.<\/h2>\n\n\n\n<div class=\"wp-block-image\"><figure class=\"aligncenter size-full is-resized\"><img loading=\"lazy\" src=\"http:\/\/lesmotifs.blogcinemacentansdejeunesse.org\/blog\/wp-content\/uploads\/2022\/02\/IMG_5503.jpg\" alt=\"\" class=\"wp-image-1647\" width=\"662\" height=\"442\" srcset=\"http:\/\/lesmotifs.blogcinemacentansdejeunesse.org\/blog\/wp-content\/uploads\/2022\/02\/IMG_5503.jpg 2288w, http:\/\/lesmotifs.blogcinemacentansdejeunesse.org\/blog\/wp-content\/uploads\/2022\/02\/IMG_5503-300x200.jpg 300w, http:\/\/lesmotifs.blogcinemacentansdejeunesse.org\/blog\/wp-content\/uploads\/2022\/02\/IMG_5503-1024x683.jpg 1024w, http:\/\/lesmotifs.blogcinemacentansdejeunesse.org\/blog\/wp-content\/uploads\/2022\/02\/IMG_5503-768x512.jpg 768w, http:\/\/lesmotifs.blogcinemacentansdejeunesse.org\/blog\/wp-content\/uploads\/2022\/02\/IMG_5503-1536x1024.jpg 1536w, http:\/\/lesmotifs.blogcinemacentansdejeunesse.org\/blog\/wp-content\/uploads\/2022\/02\/IMG_5503-2048x1366.jpg 2048w\" sizes=\"(max-width: 662px) 100vw, 662px\" \/><\/figure><\/div>\n\n\n\n<div class=\"wp-block-image\"><figure class=\"aligncenter size-full is-resized\"><img loading=\"lazy\" src=\"http:\/\/lesmotifs.blogcinemacentansdejeunesse.org\/blog\/wp-content\/uploads\/2022\/02\/IMG_5511.jpg\" alt=\"\" class=\"wp-image-1648\" width=\"666\" height=\"444\" srcset=\"http:\/\/lesmotifs.blogcinemacentansdejeunesse.org\/blog\/wp-content\/uploads\/2022\/02\/IMG_5511.jpg 2326w, http:\/\/lesmotifs.blogcinemacentansdejeunesse.org\/blog\/wp-content\/uploads\/2022\/02\/IMG_5511-300x200.jpg 300w, http:\/\/lesmotifs.blogcinemacentansdejeunesse.org\/blog\/wp-content\/uploads\/2022\/02\/IMG_5511-1024x683.jpg 1024w, http:\/\/lesmotifs.blogcinemacentansdejeunesse.org\/blog\/wp-content\/uploads\/2022\/02\/IMG_5511-768x512.jpg 768w, http:\/\/lesmotifs.blogcinemacentansdejeunesse.org\/blog\/wp-content\/uploads\/2022\/02\/IMG_5511-1536x1024.jpg 1536w, http:\/\/lesmotifs.blogcinemacentansdejeunesse.org\/blog\/wp-content\/uploads\/2022\/02\/IMG_5511-2048x1366.jpg 2048w\" sizes=\"(max-width: 666px) 100vw, 666px\" \/><\/figure><\/div>\n\n\n\n<p>Rep\u00e9rage de motifs dans <em>l\u2019Esprit de la ruche<\/em> de Victor Erice et <em>Uma pedra no bolso<\/em> de Joachim Pinto.<\/p>\n\n\n\n<p>Quelques exemples, parmi tant d\u2019autres&nbsp;!<\/p>\n\n\n\n<p>Fen\u00eatres (l\u2019Esprit de la ruche)<\/p>\n\n\n\n<figure class=\"wp-block-gallery columns-2 is-cropped\"><ul class=\"blocks-gallery-grid\"><li class=\"blocks-gallery-item\"><figure><img loading=\"lazy\" width=\"1024\" height=\"582\" src=\"http:\/\/lesmotifs.blogcinemacentansdejeunesse.org\/blog\/wp-content\/uploads\/2022\/02\/fene\u0302tres-Esprit-de-la-ruche1-1024x582.png\" alt=\"\" data-id=\"1656\" data-full-url=\"http:\/\/lesmotifs.blogcinemacentansdejeunesse.org\/blog\/wp-content\/uploads\/2022\/02\/fene\u0302tres-Esprit-de-la-ruche1.png\" data-link=\"http:\/\/lesmotifs.blogcinemacentansdejeunesse.org\/blog\/?attachment_id=1656\" class=\"wp-image-1656\" srcset=\"http:\/\/lesmotifs.blogcinemacentansdejeunesse.org\/blog\/wp-content\/uploads\/2022\/02\/fene\u0302tres-Esprit-de-la-ruche1-1024x582.png 1024w, http:\/\/lesmotifs.blogcinemacentansdejeunesse.org\/blog\/wp-content\/uploads\/2022\/02\/fene\u0302tres-Esprit-de-la-ruche1-300x170.png 300w, http:\/\/lesmotifs.blogcinemacentansdejeunesse.org\/blog\/wp-content\/uploads\/2022\/02\/fene\u0302tres-Esprit-de-la-ruche1-768x436.png 768w, http:\/\/lesmotifs.blogcinemacentansdejeunesse.org\/blog\/wp-content\/uploads\/2022\/02\/fene\u0302tres-Esprit-de-la-ruche1.png 1530w\" sizes=\"(max-width: 1024px) 100vw, 1024px\" \/><\/figure><\/li><li class=\"blocks-gallery-item\"><figure><img loading=\"lazy\" width=\"1024\" height=\"575\" src=\"http:\/\/lesmotifs.blogcinemacentansdejeunesse.org\/blog\/wp-content\/uploads\/2022\/02\/fene\u0302tres-Esprit-de-la-ruche2-1024x575.png\" alt=\"\" data-id=\"1657\" data-full-url=\"http:\/\/lesmotifs.blogcinemacentansdejeunesse.org\/blog\/wp-content\/uploads\/2022\/02\/fene\u0302tres-Esprit-de-la-ruche2.png\" data-link=\"http:\/\/lesmotifs.blogcinemacentansdejeunesse.org\/blog\/?attachment_id=1657\" class=\"wp-image-1657\" srcset=\"http:\/\/lesmotifs.blogcinemacentansdejeunesse.org\/blog\/wp-content\/uploads\/2022\/02\/fene\u0302tres-Esprit-de-la-ruche2-1024x575.png 1024w, http:\/\/lesmotifs.blogcinemacentansdejeunesse.org\/blog\/wp-content\/uploads\/2022\/02\/fene\u0302tres-Esprit-de-la-ruche2-300x168.png 300w, http:\/\/lesmotifs.blogcinemacentansdejeunesse.org\/blog\/wp-content\/uploads\/2022\/02\/fene\u0302tres-Esprit-de-la-ruche2-768x431.png 768w, http:\/\/lesmotifs.blogcinemacentansdejeunesse.org\/blog\/wp-content\/uploads\/2022\/02\/fene\u0302tres-Esprit-de-la-ruche2.png 1530w\" sizes=\"(max-width: 1024px) 100vw, 1024px\" \/><\/figure><\/li><\/ul><\/figure>\n\n\n\n<figure class=\"wp-block-image size-full is-resized\"><img loading=\"lazy\" src=\"http:\/\/lesmotifs.blogcinemacentansdejeunesse.org\/blog\/wp-content\/uploads\/2022\/02\/fene\u0302tres-Esprit-de-la-ruche3-1.png\" alt=\"\" class=\"wp-image-1659\" width=\"665\" height=\"374\" srcset=\"http:\/\/lesmotifs.blogcinemacentansdejeunesse.org\/blog\/wp-content\/uploads\/2022\/02\/fene\u0302tres-Esprit-de-la-ruche3-1.png 1530w, http:\/\/lesmotifs.blogcinemacentansdejeunesse.org\/blog\/wp-content\/uploads\/2022\/02\/fene\u0302tres-Esprit-de-la-ruche3-1-300x168.png 300w, http:\/\/lesmotifs.blogcinemacentansdejeunesse.org\/blog\/wp-content\/uploads\/2022\/02\/fene\u0302tres-Esprit-de-la-ruche3-1-1024x575.png 1024w, http:\/\/lesmotifs.blogcinemacentansdejeunesse.org\/blog\/wp-content\/uploads\/2022\/02\/fene\u0302tres-Esprit-de-la-ruche3-1-768x431.png 768w\" sizes=\"(max-width: 665px) 100vw, 665px\" \/><\/figure>\n\n\n\n<p>Trains (l\u2019Esprit de la ruche)<\/p>\n\n\n\n<figure class=\"wp-block-gallery columns-2 is-cropped\"><ul class=\"blocks-gallery-grid\"><li class=\"blocks-gallery-item\"><figure><img loading=\"lazy\" width=\"1024\" height=\"575\" src=\"http:\/\/lesmotifs.blogcinemacentansdejeunesse.org\/blog\/wp-content\/uploads\/2022\/02\/Trains-Esprit-de-la-ruche1-1024x575.png\" alt=\"\" data-id=\"1660\" data-full-url=\"http:\/\/lesmotifs.blogcinemacentansdejeunesse.org\/blog\/wp-content\/uploads\/2022\/02\/Trains-Esprit-de-la-ruche1.png\" data-link=\"http:\/\/lesmotifs.blogcinemacentansdejeunesse.org\/blog\/?attachment_id=1660\" class=\"wp-image-1660\" srcset=\"http:\/\/lesmotifs.blogcinemacentansdejeunesse.org\/blog\/wp-content\/uploads\/2022\/02\/Trains-Esprit-de-la-ruche1-1024x575.png 1024w, http:\/\/lesmotifs.blogcinemacentansdejeunesse.org\/blog\/wp-content\/uploads\/2022\/02\/Trains-Esprit-de-la-ruche1-300x168.png 300w, http:\/\/lesmotifs.blogcinemacentansdejeunesse.org\/blog\/wp-content\/uploads\/2022\/02\/Trains-Esprit-de-la-ruche1-768x431.png 768w, http:\/\/lesmotifs.blogcinemacentansdejeunesse.org\/blog\/wp-content\/uploads\/2022\/02\/Trains-Esprit-de-la-ruche1.png 1530w\" sizes=\"(max-width: 1024px) 100vw, 1024px\" \/><\/figure><\/li><li class=\"blocks-gallery-item\"><figure><img loading=\"lazy\" width=\"1024\" height=\"575\" src=\"http:\/\/lesmotifs.blogcinemacentansdejeunesse.org\/blog\/wp-content\/uploads\/2022\/02\/Trains-Esprit-de-la-ruche2-1024x575.png\" alt=\"\" data-id=\"1661\" data-full-url=\"http:\/\/lesmotifs.blogcinemacentansdejeunesse.org\/blog\/wp-content\/uploads\/2022\/02\/Trains-Esprit-de-la-ruche2.png\" data-link=\"http:\/\/lesmotifs.blogcinemacentansdejeunesse.org\/blog\/?attachment_id=1661\" class=\"wp-image-1661\" srcset=\"http:\/\/lesmotifs.blogcinemacentansdejeunesse.org\/blog\/wp-content\/uploads\/2022\/02\/Trains-Esprit-de-la-ruche2-1024x575.png 1024w, http:\/\/lesmotifs.blogcinemacentansdejeunesse.org\/blog\/wp-content\/uploads\/2022\/02\/Trains-Esprit-de-la-ruche2-300x168.png 300w, http:\/\/lesmotifs.blogcinemacentansdejeunesse.org\/blog\/wp-content\/uploads\/2022\/02\/Trains-Esprit-de-la-ruche2-768x431.png 768w, http:\/\/lesmotifs.blogcinemacentansdejeunesse.org\/blog\/wp-content\/uploads\/2022\/02\/Trains-Esprit-de-la-ruche2.png 1530w\" sizes=\"(max-width: 1024px) 100vw, 1024px\" \/><\/figure><\/li><\/ul><\/figure>\n\n\n\n<figure class=\"wp-block-image size-full is-resized\"><img loading=\"lazy\" src=\"http:\/\/lesmotifs.blogcinemacentansdejeunesse.org\/blog\/wp-content\/uploads\/2022\/02\/Trains-Esprit-de-la-ruche3.png\" alt=\"\" class=\"wp-image-1662\" width=\"667\" height=\"375\" srcset=\"http:\/\/lesmotifs.blogcinemacentansdejeunesse.org\/blog\/wp-content\/uploads\/2022\/02\/Trains-Esprit-de-la-ruche3.png 1530w, http:\/\/lesmotifs.blogcinemacentansdejeunesse.org\/blog\/wp-content\/uploads\/2022\/02\/Trains-Esprit-de-la-ruche3-300x168.png 300w, http:\/\/lesmotifs.blogcinemacentansdejeunesse.org\/blog\/wp-content\/uploads\/2022\/02\/Trains-Esprit-de-la-ruche3-1024x575.png 1024w, http:\/\/lesmotifs.blogcinemacentansdejeunesse.org\/blog\/wp-content\/uploads\/2022\/02\/Trains-Esprit-de-la-ruche3-768x431.png 768w\" sizes=\"(max-width: 667px) 100vw, 667px\" \/><\/figure>\n\n\n\n<p>Miroirs (Uma pedra no bolso)<\/p>\n\n\n\n<figure class=\"wp-block-gallery columns-2 is-cropped\"><ul class=\"blocks-gallery-grid\"><li class=\"blocks-gallery-item\"><figure><img loading=\"lazy\" width=\"1024\" height=\"723\" src=\"http:\/\/lesmotifs.blogcinemacentansdejeunesse.org\/blog\/wp-content\/uploads\/2022\/02\/miroirs-uma-pedra-no-bolso1-1024x723.png\" alt=\"\" data-id=\"1663\" data-full-url=\"http:\/\/lesmotifs.blogcinemacentansdejeunesse.org\/blog\/wp-content\/uploads\/2022\/02\/miroirs-uma-pedra-no-bolso1.png\" data-link=\"http:\/\/lesmotifs.blogcinemacentansdejeunesse.org\/blog\/?attachment_id=1663\" class=\"wp-image-1663\" srcset=\"http:\/\/lesmotifs.blogcinemacentansdejeunesse.org\/blog\/wp-content\/uploads\/2022\/02\/miroirs-uma-pedra-no-bolso1-1024x723.png 1024w, http:\/\/lesmotifs.blogcinemacentansdejeunesse.org\/blog\/wp-content\/uploads\/2022\/02\/miroirs-uma-pedra-no-bolso1-300x212.png 300w, http:\/\/lesmotifs.blogcinemacentansdejeunesse.org\/blog\/wp-content\/uploads\/2022\/02\/miroirs-uma-pedra-no-bolso1-768x542.png 768w, http:\/\/lesmotifs.blogcinemacentansdejeunesse.org\/blog\/wp-content\/uploads\/2022\/02\/miroirs-uma-pedra-no-bolso1.png 1530w\" sizes=\"(max-width: 1024px) 100vw, 1024px\" \/><\/figure><\/li><li class=\"blocks-gallery-item\"><figure><img loading=\"lazy\" width=\"1024\" height=\"723\" src=\"http:\/\/lesmotifs.blogcinemacentansdejeunesse.org\/blog\/wp-content\/uploads\/2022\/02\/miroirs-uma-pedra-no-bolso2-1024x723.png\" alt=\"\" data-id=\"1664\" data-full-url=\"http:\/\/lesmotifs.blogcinemacentansdejeunesse.org\/blog\/wp-content\/uploads\/2022\/02\/miroirs-uma-pedra-no-bolso2.png\" data-link=\"http:\/\/lesmotifs.blogcinemacentansdejeunesse.org\/blog\/?attachment_id=1664\" class=\"wp-image-1664\" srcset=\"http:\/\/lesmotifs.blogcinemacentansdejeunesse.org\/blog\/wp-content\/uploads\/2022\/02\/miroirs-uma-pedra-no-bolso2-1024x723.png 1024w, http:\/\/lesmotifs.blogcinemacentansdejeunesse.org\/blog\/wp-content\/uploads\/2022\/02\/miroirs-uma-pedra-no-bolso2-300x212.png 300w, http:\/\/lesmotifs.blogcinemacentansdejeunesse.org\/blog\/wp-content\/uploads\/2022\/02\/miroirs-uma-pedra-no-bolso2-768x542.png 768w, http:\/\/lesmotifs.blogcinemacentansdejeunesse.org\/blog\/wp-content\/uploads\/2022\/02\/miroirs-uma-pedra-no-bolso2.png 1530w\" sizes=\"(max-width: 1024px) 100vw, 1024px\" \/><\/figure><\/li><\/ul><\/figure>\n\n\n\n<p><\/p>\n\n\n\n<p>Escaliers (Uma pedra no bolso)<\/p>\n\n\n\n<figure class=\"wp-block-gallery columns-2 is-cropped\"><ul class=\"blocks-gallery-grid\"><li class=\"blocks-gallery-item\"><figure><img loading=\"lazy\" width=\"1024\" height=\"723\" src=\"http:\/\/lesmotifs.blogcinemacentansdejeunesse.org\/blog\/wp-content\/uploads\/2022\/02\/escaliers-uma-pedra-no-bolso1-1024x723.png\" alt=\"\" data-id=\"1665\" data-full-url=\"http:\/\/lesmotifs.blogcinemacentansdejeunesse.org\/blog\/wp-content\/uploads\/2022\/02\/escaliers-uma-pedra-no-bolso1.png\" data-link=\"http:\/\/lesmotifs.blogcinemacentansdejeunesse.org\/blog\/?attachment_id=1665\" class=\"wp-image-1665\" srcset=\"http:\/\/lesmotifs.blogcinemacentansdejeunesse.org\/blog\/wp-content\/uploads\/2022\/02\/escaliers-uma-pedra-no-bolso1-1024x723.png 1024w, http:\/\/lesmotifs.blogcinemacentansdejeunesse.org\/blog\/wp-content\/uploads\/2022\/02\/escaliers-uma-pedra-no-bolso1-300x212.png 300w, http:\/\/lesmotifs.blogcinemacentansdejeunesse.org\/blog\/wp-content\/uploads\/2022\/02\/escaliers-uma-pedra-no-bolso1-768x542.png 768w, http:\/\/lesmotifs.blogcinemacentansdejeunesse.org\/blog\/wp-content\/uploads\/2022\/02\/escaliers-uma-pedra-no-bolso1.png 1530w\" sizes=\"(max-width: 1024px) 100vw, 1024px\" \/><\/figure><\/li><li class=\"blocks-gallery-item\"><figure><img loading=\"lazy\" width=\"1024\" height=\"723\" src=\"http:\/\/lesmotifs.blogcinemacentansdejeunesse.org\/blog\/wp-content\/uploads\/2022\/02\/escaliers-uma-pedra-no-bolso2-1024x723.png\" alt=\"\" data-id=\"1666\" data-full-url=\"http:\/\/lesmotifs.blogcinemacentansdejeunesse.org\/blog\/wp-content\/uploads\/2022\/02\/escaliers-uma-pedra-no-bolso2.png\" data-link=\"http:\/\/lesmotifs.blogcinemacentansdejeunesse.org\/blog\/?attachment_id=1666\" class=\"wp-image-1666\" srcset=\"http:\/\/lesmotifs.blogcinemacentansdejeunesse.org\/blog\/wp-content\/uploads\/2022\/02\/escaliers-uma-pedra-no-bolso2-1024x723.png 1024w, http:\/\/lesmotifs.blogcinemacentansdejeunesse.org\/blog\/wp-content\/uploads\/2022\/02\/escaliers-uma-pedra-no-bolso2-300x212.png 300w, http:\/\/lesmotifs.blogcinemacentansdejeunesse.org\/blog\/wp-content\/uploads\/2022\/02\/escaliers-uma-pedra-no-bolso2-768x542.png 768w, http:\/\/lesmotifs.blogcinemacentansdejeunesse.org\/blog\/wp-content\/uploads\/2022\/02\/escaliers-uma-pedra-no-bolso2.png 1530w\" sizes=\"(max-width: 1024px) 100vw, 1024px\" \/><\/figure><\/li><\/ul><\/figure>\n\n\n\n<p><\/p>\n\n\n\n<hr class=\"wp-block-separator is-style-wide\"\/>\n\n\n\n<div style=\"height:61px\" aria-hidden=\"true\" class=\"wp-block-spacer\"><\/div>\n\n\n\n<div class=\"wp-block-image\"><figure class=\"aligncenter size-large is-resized\"><img loading=\"lazy\" src=\"http:\/\/lesmotifs.blogcinemacentansdejeunesse.org\/blog\/wp-content\/uploads\/2022\/01\/2022-1024x540.png\" alt=\"\" class=\"wp-image-1011\" width=\"609\" height=\"321\" srcset=\"http:\/\/lesmotifs.blogcinemacentansdejeunesse.org\/blog\/wp-content\/uploads\/2022\/01\/2022-1024x540.png 1024w, http:\/\/lesmotifs.blogcinemacentansdejeunesse.org\/blog\/wp-content\/uploads\/2022\/01\/2022-300x158.png 300w, http:\/\/lesmotifs.blogcinemacentansdejeunesse.org\/blog\/wp-content\/uploads\/2022\/01\/2022-768x405.png 768w, http:\/\/lesmotifs.blogcinemacentansdejeunesse.org\/blog\/wp-content\/uploads\/2022\/01\/2022-1536x810.png 1536w, http:\/\/lesmotifs.blogcinemacentansdejeunesse.org\/blog\/wp-content\/uploads\/2022\/01\/2022.png 1827w\" sizes=\"(max-width: 609px) 100vw, 609px\" \/><\/figure><\/div>\n\n\n\n<p><strong><span class=\"has-inline-color has-white-color\">A<\/span><\/strong><\/p>\n\n\n\n<hr class=\"wp-block-separator\"\/>\n\n\n\n<p><\/p>\n\n\n\n<h2 class=\"has-text-align-left has-normal-font-size\"><strong>Nous attendons la pr\u00e9sentation de chacun des ateliers sur le nouveau blog de l\u2019ann\u00e9e. <\/strong><\/h2>\n\n\n\n<h2 class=\"has-text-align-left has-normal-font-size\"><strong>A vos motifs de cin\u00e9ma&nbsp;!<\/strong><\/h2>\n\n\n\n<div class=\"wp-block-image\"><figure class=\"aligncenter size-large is-resized\"><img src=\"http:\/\/lesmotifs.blogcinemacentansdejeunesse.org\/blog\/wp-content\/uploads\/2021\/11\/Capture-de\u0301cran-2021-11-15-a\u0300-11.49.28-1024x722.png\" alt=\"\" class=\"wp-image-67\" height=\"350\" srcset=\"http:\/\/lesmotifs.blogcinemacentansdejeunesse.org\/blog\/wp-content\/uploads\/2021\/11\/Capture-de\u0301cran-2021-11-15-a\u0300-11.49.28-1024x722.png 1024w, http:\/\/lesmotifs.blogcinemacentansdejeunesse.org\/blog\/wp-content\/uploads\/2021\/11\/Capture-de\u0301cran-2021-11-15-a\u0300-11.49.28-300x212.png 300w, http:\/\/lesmotifs.blogcinemacentansdejeunesse.org\/blog\/wp-content\/uploads\/2021\/11\/Capture-de\u0301cran-2021-11-15-a\u0300-11.49.28-768x542.png 768w, http:\/\/lesmotifs.blogcinemacentansdejeunesse.org\/blog\/wp-content\/uploads\/2021\/11\/Capture-de\u0301cran-2021-11-15-a\u0300-11.49.28.png 1280w\" sizes=\"(max-width: 1024px) 100vw, 1024px\" \/><figcaption>Le Cirque, Charles Chaplin <\/figcaption><\/figure><\/div>\n\n\n\n<p><\/p>\n","protected":false},"excerpt":{"rendered":"<p>Les Rencontres \u00ab\u00a0A nous le cin\u00e9ma !\u00a0\u00bb se sont d\u00e9roul\u00e9es au Cin\u00e9 104 les 1er, 2 et 3 juin 2022.36 films sur la question du motif ont \u00e9t\u00e9 projet\u00e9s, accompagn\u00e9s par leurs auteurs venus de 8 r\u00e9gions en France et &hellip; <a href=\"http:\/\/lesmotifs.blogcinemacentansdejeunesse.org\/blog\/\">Continuer la lecture <span class=\"meta-nav\">&rarr;<\/span><\/a><\/p>\n","protected":false},"author":1,"featured_media":0,"parent":0,"menu_order":0,"comment_status":"closed","ping_status":"closed","template":"","meta":[],"_links":{"self":[{"href":"http:\/\/lesmotifs.blogcinemacentansdejeunesse.org\/blog\/wp-json\/wp\/v2\/pages\/59"}],"collection":[{"href":"http:\/\/lesmotifs.blogcinemacentansdejeunesse.org\/blog\/wp-json\/wp\/v2\/pages"}],"about":[{"href":"http:\/\/lesmotifs.blogcinemacentansdejeunesse.org\/blog\/wp-json\/wp\/v2\/types\/page"}],"author":[{"embeddable":true,"href":"http:\/\/lesmotifs.blogcinemacentansdejeunesse.org\/blog\/wp-json\/wp\/v2\/users\/1"}],"replies":[{"embeddable":true,"href":"http:\/\/lesmotifs.blogcinemacentansdejeunesse.org\/blog\/wp-json\/wp\/v2\/comments?post=59"}],"version-history":[{"count":43,"href":"http:\/\/lesmotifs.blogcinemacentansdejeunesse.org\/blog\/wp-json\/wp\/v2\/pages\/59\/revisions"}],"predecessor-version":[{"id":3061,"href":"http:\/\/lesmotifs.blogcinemacentansdejeunesse.org\/blog\/wp-json\/wp\/v2\/pages\/59\/revisions\/3061"}],"wp:attachment":[{"href":"http:\/\/lesmotifs.blogcinemacentansdejeunesse.org\/blog\/wp-json\/wp\/v2\/media?parent=59"}],"curies":[{"name":"wp","href":"https:\/\/api.w.org\/{rel}","templated":true}]}}