{"id":3148,"date":"2023-04-06T11:47:23","date_gmt":"2023-04-06T11:47:23","guid":{"rendered":"http:\/\/lesmotifs.blogcinemacentansdejeunesse.org\/blog\/?page_id=3148"},"modified":"2023-04-25T14:27:49","modified_gmt":"2023-04-25T14:27:49","slug":"a-nous-le-cinema-2022-bande-annonce","status":"publish","type":"page","link":"http:\/\/lesmotifs.blogcinemacentansdejeunesse.org\/blog\/a-nous-le-cinema-2022-bande-annonce\/","title":{"rendered":"A nous le cin\u00e9ma ! 2022 Bande-annonce \/ Trailer"},"content":{"rendered":"\n<p>\u00ab A nous le cin\u00e9ma ! \u00bb : 3 journ\u00e9es de Rencontres internationales rassemblent chaque ann\u00e9e en juin les participants des ateliers &#8211; \u00e9l\u00e8ves venus de toutes les r\u00e9gions et pays accompagn\u00e9s de leurs intervenants et de leurs enseignants. L&rsquo;ensemble des films r\u00e9alis\u00e9s en atelier sont projet\u00e9s au Cin\u00e9 104. Voici la derni\u00e8re bande-annonce de ces journ\u00e9es :<\/p>\n\n\n\n<figure class=\"wp-block-embed is-type-video is-provider-vimeo wp-block-embed-vimeo wp-embed-aspect-16-9 wp-has-aspect-ratio\"><div class=\"wp-block-embed__wrapper\">\n<iframe loading=\"lazy\" title=\"LES MOTIFS - Bande-annonce\" src=\"https:\/\/player.vimeo.com\/video\/721010616?h=a894efe04b&amp;dnt=1&amp;app_id=122963\" width=\"640\" height=\"360\" frameborder=\"0\" allow=\"autoplay; fullscreen; picture-in-picture\" allowfullscreen><\/iframe>\n<\/div><\/figure>\n\n\n\n<p class=\"has-text-align-right\"><em>\u00ab A nous le cin\u00e9ma ! \u00bb [\u00ab\u00a0Our cinema!\u00a0\u00bb] &#8211; The project participants come together from across the world in June for 3 days of sharing along with their teachers and filmmakers. All films made as part of the programme are shown at the Cine 104. Here is the last trailer of these<\/em> meetings:<\/p>\n","protected":false},"excerpt":{"rendered":"<p>\u00ab A nous le cin\u00e9ma ! \u00bb : 3 journ\u00e9es de Rencontres internationales rassemblent chaque ann\u00e9e en juin les participants des ateliers &#8211; \u00e9l\u00e8ves venus de toutes les r\u00e9gions et pays accompagn\u00e9s de leurs intervenants et de leurs enseignants. L&rsquo;ensemble &hellip; <a href=\"http:\/\/lesmotifs.blogcinemacentansdejeunesse.org\/blog\/a-nous-le-cinema-2022-bande-annonce\/\">Continuer la lecture <span class=\"meta-nav\">&rarr;<\/span><\/a><\/p>\n","protected":false},"author":1,"featured_media":0,"parent":0,"menu_order":0,"comment_status":"closed","ping_status":"closed","template":"","meta":[],"_links":{"self":[{"href":"http:\/\/lesmotifs.blogcinemacentansdejeunesse.org\/blog\/wp-json\/wp\/v2\/pages\/3148"}],"collection":[{"href":"http:\/\/lesmotifs.blogcinemacentansdejeunesse.org\/blog\/wp-json\/wp\/v2\/pages"}],"about":[{"href":"http:\/\/lesmotifs.blogcinemacentansdejeunesse.org\/blog\/wp-json\/wp\/v2\/types\/page"}],"author":[{"embeddable":true,"href":"http:\/\/lesmotifs.blogcinemacentansdejeunesse.org\/blog\/wp-json\/wp\/v2\/users\/1"}],"replies":[{"embeddable":true,"href":"http:\/\/lesmotifs.blogcinemacentansdejeunesse.org\/blog\/wp-json\/wp\/v2\/comments?post=3148"}],"version-history":[{"count":3,"href":"http:\/\/lesmotifs.blogcinemacentansdejeunesse.org\/blog\/wp-json\/wp\/v2\/pages\/3148\/revisions"}],"predecessor-version":[{"id":3163,"href":"http:\/\/lesmotifs.blogcinemacentansdejeunesse.org\/blog\/wp-json\/wp\/v2\/pages\/3148\/revisions\/3163"}],"wp:attachment":[{"href":"http:\/\/lesmotifs.blogcinemacentansdejeunesse.org\/blog\/wp-json\/wp\/v2\/media?parent=3148"}],"curies":[{"name":"wp","href":"https:\/\/api.w.org\/{rel}","templated":true}]}}

A nous le cinéma ! 2022 Bande-annonce / Trailer

<p>« A nous le cinéma ! » : 3 journées de Rencontres internationales rassemblent chaque année en juin les participants des ateliers &#8211; élèves venus de toutes les régions et pays accompagnés de leurs intervenants et de leurs enseignants. L&rsquo;ensemble des films réalisés en atelier sont projetés au Ciné 104. Voici la dernière bande-annonce de ces journées :</p>



<figure class="wp-block-embed is-type-video is-provider-vimeo wp-block-embed-vimeo wp-embed-aspect-16-9 wp-has-aspect-ratio"><div class="wp-block-embed__wrapper">
<iframe loading="lazy" title="LES MOTIFS - Bande-annonce" src="https://player.vimeo.com/video/721010616?h=a894efe04b&amp;dnt=1&amp;app_id=122963" width="640" height="360" frameborder="0" allow="autoplay; fullscreen; picture-in-picture" allowfullscreen></iframe>
</div></figure>



<p class="has-text-align-right"><em>« A nous le cinéma ! » [« Our cinema! »] &#8211; The project participants come together from across the world in June for 3 days of sharing along with their teachers and filmmakers. All films made as part of the programme are shown at the Cine 104. Here is the last trailer of these</em> meetings:</p>

<p>« A nous le cinéma ! » : 3 journées de Rencontres internationales rassemblent chaque année en juin les participants des ateliers &#8211; élèves venus de toutes les régions et pays accompagnés de leurs intervenants et de leurs enseignants. L&rsquo;ensemble &hellip; <a href="http://lesmotifs.blogcinemacentansdejeunesse.org/blog/a-nous-le-cinema-2022-bande-annonce/">Continuer la lecture <span class="meta-nav">&rarr;</span></a></p>
